factors of 127488658?
2, 11, 61, 94999
List the prime factors of 139580875.
5, 7, 159521
What are the prime factors of 909673162?
2, 17, 1573829
What are the prime factors of 1066790145?
3, 5, 271, 262433
List the prime factors of 37945650.
2, 3, 5, 252971
What are the prime factors of 479368344?
2, 3, 7, 13, 219491
What are the prime factors of 17532079?
19, 922741
What are the prime factors of 186300625?
5, 7, 97, 439
List the prime factors of 77046712.
2, 43, 97, 2309
What are the prime factors of 59027084?
2, 14756771
List the prime factors of 36219335.
5, 7243867
What are the prime factors of 352735024?
2, 22045939
List the prime factors of 2793355474.
2, 7, 13, 23, 667309
List the prime factors of 22725962.
2, 7, 1623283
What are the prime factors of 3853044259?
71, 937, 57917
What are the prime factors of 890165736?
2, 3, 12363413
What are the prime factors of 38452127?
7, 1171, 4691
List the prime factors of 97044238.
2, 48522119
List the prime factors of 2350736212.
2, 11, 43, 112951
List the prime factors of 1500043003.
23, 43, 137, 11071
List the prime factors of 4246915892.
2, 61, 17405393
List the prime factors of 15421832.
2, 1927729
What are the prime factors of 69462900?
2, 3, 5, 13, 1979
List the prime factors of 415102271.
823, 504377
List the prime factors of 245540251.
11, 37, 421, 1433
List the prime factors of 3167487.
3, 31, 11353
What are the prime factors of 27931035?
3, 5, 11, 1399
What are the prime factors of 787873691?
11, 109, 179, 3671
List the prime factors of 611404955.
5, 7, 107, 163259
What are the prime factors of 145524020?
2, 5, 2063, 3527
List the prime factors of 148262461.
1193, 124277
List the prime factors of 70073701.
167, 419603
List the prime factors of 48283486.
2, 23, 41, 25601
What are the prime factors of 196500761?
196500761
What are the prime factors of 46632169?
3119, 14951
List the prime factors of 18244877.
7, 41, 151, 421
List the prime factors of 161210356.
2, 40302589
What are the prime factors of 69048818?
2, 3947, 8747
What are the prime factors of 6253261921?
6253261921
What are the prime factors of 2532035542?
2, 1266017771
What are the prime factors of 2146669517?
2146669517
What are the prime factors of 183196093?
379, 483367
List the prime factors of 44555791.
7, 127, 50119
What are the prime factors of 39380251?
39380251
What are the prime factors of 944890325?
5, 29, 1303297
List the prime factors of 99759180.
2, 3, 5, 1662653
What are the prime factors of 140137072?
2, 283, 30949
List the prime factors of 391129992.
2, 3, 11, 164617
What are the prime factors of 531667525?
5, 47, 71, 6373
What are the prime factors of 208282478?
2, 3769, 27631
What are the prime factors of 1705775406?
2, 3, 37, 7683673
What are the prime factors of 1372855737?
3, 11, 29, 1434541
What are the prime factors of 116764841?
116764841
What are the prime factors of 4031297027?
4031297027
What are the prime factors of 588575891?
588575891
What are the prime factors of 26130785?
5, 17, 173, 1777
List the prime factors of 2851833051.
3, 316870339
List the prime factors of 79499429.
17, 4676437
What are the prime factors of 257573699?
31, 1031, 8059
What are the prime factors of 56293188?
2, 3, 7, 17, 79, 499
What are the prime factors of 30013834?
2, 15006917
What are the prime factors of 4767775?
5, 190711
List the prime factors of 304024713.
3, 101341571
What are the prime factors of 599900228?
2, 89, 1685113
What are the prime factors of 73707334?
2, 1973, 18679
What are the prime factors of 698640626?
2, 1033, 338161
What are the prime factors of 200432312?
2, 17, 1473767
What are the prime factors of 133584112?
2, 8349007
List the prime factors of 50903929.
50903929
What are the prime factors of 29068802?
2, 7, 229, 9067
What are the prime factors of 53475147?
3, 11, 60017
List the prime factors of 233915687.
233915687
What are the prime factors of 664102134?
2, 3, 107, 499, 691
List the prime factors of 749242577.
83, 991, 9109
List the prime factors of 2221597329.
3, 7, 839, 18013
What are the prime factors of 46299858?
2, 3, 11, 643, 1091
List the prime factors of 132559907.
2423, 54709
What are the prime factors of 3916326599?
557, 7031107
What are the prime factors of 27998046?
2, 3, 251, 6197
What are the prime factors of 20462438?
2, 157, 65167
What are the prime factors of 118790394?
2, 3, 19, 1042021
List the prime factors of 220028709.
3, 197, 372299
What are the prime factors of 29549987?
43, 71, 9679
What are the prime factors of 16697185?
5, 29, 115153
List the prime factors of 74388864.
2, 3, 11, 1601
List the prime factors of 233463323.
5683, 41081
List the prime factors of 24540604.
2, 11, 557741
List the prime factors of 880922692.
2, 13, 47, 7669
List the prime factors of 24770378.
2, 179, 69191
What are the prime factors of 21670369?
7, 239, 12953
List the prime factors of 106886944.
2, 3340217
What are the prime factors of 2054425884?
2, 3, 7, 24457451
List the prime factors of 93398336.
2, 101, 14449
List the prime factors of 84728713.
3271, 25903
List the prime factors of 572885035.
5, 23, 4981609
What are the prime factors of 2658387640?
2, 5, 31, 2143861
List the prime factors of 394625791.
7, 379, 148747
List the prime factors of 2361927945.
3, 5, 13, 931727
What are the prime factors of 831725118?
2, 3, 7, 61, 5153
What are the prime factors of 5333703604?
2, 59, 61, 163, 2273
List the prime factors of 4798314195.
3, 5, 319887613
What are the prime factors of 7607363?
7607363
What are the prime factors of 1811314636?
2, 452828659
List the prime factors of 933954764.
2, 53, 4405447
List the prime factors of 1513850887.
223, 6788569
List the prime factors of 506049368.
2, 11, 5750561
What are the prime factors of 591788372?
2, 7, 373, 56663
What are the prime factors of 55901995?
5, 29, 385531
What are the prime factors of 123591453?
3, 1019, 40429
What are the prime factors of 349432079?
349432079
List the prime factors of 97973143.
97973143
List the prime factors of 109935725.
5, 61, 72089
What are the prime factors of 187622653?
187622653
List the prime factors of 400941918.
2, 3, 13, 821, 2087
List the prime factors of 1037524163.
13, 257, 443, 701
What are the prime factors of 9056218?
2, 4528109
List the prime factors of 772846992.
2, 3, 151, 35543
What are the prime factors of 878952261?
3, 11, 26634917
List the prime factors of 159368806.
2, 79684403
What are the prime factors of 113603018?
2, 6911, 8219
List the prime factors of 128133143.
673, 190391
List the prime factors of 63546829.
5039, 12611
List the prime factors of 5275037656.
2, 7, 281, 335221
What are the prime factors of 536432560?
2, 5, 1399, 4793
What are the prime factors of 1569705977?
7, 971, 230941
What are the prime factors of 20723823?
3, 767549
What are the prime factors of 25232890?
2, 5, 37, 47, 1451
List the prime factors of 1313483016.
2, 3, 59, 263, 3527
What are the prime factors of 1210995212?
2, 7, 1193, 5179
What are the prime factors of 183401812?
2, 11, 4168223
What are the prime factors of 1266977456?
2, 19, 43, 103, 941
List the prime factors of 758495341.
17, 6373, 7001
List the prime factors of 51469735.
5, 67, 153641
What are the prime factors of 393839431?
277, 337, 4219
List the prime factors of 1575677144.
2, 19, 10366297
What are the prime factors of 159985971?
3, 17776219
What are the prime factors of 237225485?
5, 7, 31, 218641
List the prime factors of 194771230.
2, 5, 1427, 13649
What are the prime factors of 30196203?
3, 10065401
What are the prime factors of 38022518?
2, 53, 358703
List the prime factors of 13608301.
7, 313, 6211
List the prime factors of 38214690.
2, 3, 5, 1273823
What are the prime factors of 113782503?
3, 41, 59, 15679
What are the prime factors of 558542686?
2, 13, 31, 67, 10343
List the prime factors of 2873327.
647, 4441
List the prime factors of 75104589.
3, 7, 17, 79, 2663
What are the prime factors of 19932552?
2, 3, 101, 2741
List the prime factors of 78149797.
11, 449, 15823
What are the prime factors of 223457981?
3581, 62401
What are the prime factors of 86472195?
3, 5, 463, 12451
What are the prime factors of 3341318136?
2, 3, 13, 31, 345463
What are the prime factors of 327360475?
5, 13, 251, 4013
List the prime factors of 614024749.